divided by 99.
95
What is the remainder when 201 is divided by 106?
95
What is the remainder when 1831 is divided by 68?
63
Calculate the remainder when 149 is divided by 30.
29
Calculate the remainder when 1056 is divided by 23.
21
What is the remainder when 5872 is divided by 2?
0
Calculate the remainder when 179 is divided by 12.
11
Calculate the remainder when 1903 is divided by 68.
67
Calculate the remainder when 322 is divided by 13.
10
Calculate the remainder when 241 is divided by 130.
111
What is the remainder when 2454 is divided by 9?
6
Calculate the remainder when 193 is divided by 18.
13
Calculate the remainder when 444 is divided by 91.
80
What is the remainder when 259 is divided by 74?
37
Calculate the remainder when 3309 is divided by 16.
13
What is the remainder when 401 is divided by 52?
37
Calculate the remainder when 29 is divided by 4.
1
What is the remainder when 7600 is divided by 59?
48
What is the remainder when 1726 is divided by 47?
34
What is the remainder when 1059 is divided by 28?
23
What is the remainder when 1078 is divided by 145?
63
What is the remainder when 20 is divided by 11?
9
What is the remainder when 465 is divided by 47?
42
What is the remainder when 895 is divided by 31?
27
Calculate the remainder when 118 is divided by 30.
28
Calculate the remainder when 232 is divided by 126.
106
What is the remainder when 550 is divided by 91?
4
What is the remainder when 14 is divided by 9?
5
Calculate the remainder when 1254 is divided by 54.
12
Calculate the remainder when 1160 is divided by 374.
38
Calculate the remainder when 679 is divided by 17.
16
Calculate the remainder when 2778 is divided by 87.
81
What is the remainder when 186 is divided by 7?
4
What is the remainder when 1461 is divided by 39?
18
What is the remainder when 2236 is divided by 70?
66
Calculate the remainder when 20564 is divided by 182.
180
What is the remainder when 3380 is divided by 241?
6
Calculate the remainder when 489 is divided by 146.
51
What is the remainder when 349 is divided by 29?
1
Calculate the remainder when 535 is divided by 144.
103
Calculate the remainder when 195 is divided by 25.
20
Calculate the remainder when 114 is divided by 5.
4
Calculate the remainder when 975 is divided by 93.
45
What is the remainder when 646 is divided by 65?
61
What is the remainder when 727 is divided by 180?
7
What is the remainder when 2733 is divided by 19?
16
What is the remainder when 426 is divided by 157?
112
Calculate the remainder when 297 is divided by 30.
27
Calculate the remainder when 66 is divided by 34.
32
What is the remainder when 44479 is divided by 23?
20
What is the remainder when 2904 is divided by 97?
91
Calculate the remainder when 5429 is divided by 15.
14
Calculate the remainder when 77 is divided by 46.
31
What is the remainder when 902 is divided by 217?
34
Calculate the remainder when 31 is divided by 12.
7
Calculate the remainder when 29 is divided by 8.
5
What is the remainder when 1448 is divided by 26?
18
What is the remainder when 571 is divided by 11?
10
Calculate the remainder when 131 is divided by 7.
5
Calculate the remainder when 237 is divided by 12.
9
Calculate the remainder when 2707 is divided by 21.
19
Calculate the remainder when 259 is divided by 4.
3
Calculate the remainder when 6828 is divided by 7.
3
What is the remainder when 4698 is divided by 127?
126
Calculate the remainder when 394 is divided by 192.
10
What is the remainder when 73 is divided by 49?
24
What is the remainder when 1044 is divided by 260?
4
What is the remainder when 29735 is divided by 118?
117
Calculate the remainder when 67 is divided by 19.
10
What is the remainder when 245 is divided by 64?
53
What is the remainder when 7137 is divided by 42?
39
Calculate the remainder when 779 is divided by 215.
134
Calculate the remainder when 124 is divided by 66.
58
Calculate the remainder when 932 is divided by 52.
48
What is the remainder when 483 is divided by 41?
32
What is the remainder when 13039 is divided by 21?
19
Calculate the remainder when 24 is divided by 4.
0
Calculate the remainder when 1089 is divided by 52.
49
Calculate the remainder when 231 is divided by 67.
30
What is the remainder when 97 is divided by 86?
11
What is the remainder when 89 is divided by 2?
1
What is the remainder when 5507 is divided by 290?
287
What is the remainder when 229 is divided by 21?
19
Calculate the remainder when 890 is divided by 177.
5
What is the remainder when 2879 is divided by 3?
2
Calculate the remainder when 29 is divided by 6.
5
What is the remainder when 41 is divided by 17?
7
Calculate the remainder when 4759 is divided by 207.
205
Calculate the remainder when 865 is divided by 109.
102
What is the remainder when 7319 is divided by 60?
59
What is the remainder when 1284 is divided by 141?
15
Calculate the remainder when 64 is divided by 5.
4
Calculate the remainder when 4713 is divided by 42.
9
What is the remainder when 155 is divided by 31?
0
Calculate the remainder when 3005 is divided by 15.
5
What is the remainder when 104 is divided by 28?
20
Calculate the remainder when 610 is divided by 216.
178
Calculate the remainder when 1189 is divided by 170.
169
What is the remainder when 543 is divided by 270?
3
What is the remainder when 160 is divided by 9?
7
Calculate the remainder when 298 is divided by 75.
73
Calculate the remainder when 638 is divided by 28.
22
What is the remainder when 1249 is divided by 125?
124
What is the remainder when 152 is divided by 32?
24
Calculate the remainder when 242 is divided by 83.
76
What is the remainder when 8361 is divided by 204?
201
What is the remainder when 442 is divided by 149?
144
What is the remainder when 142 is divided by 29?
26
What is the remainder when 8854 is divided by 115?
114
What is the remainder when 3141 is divided by 241?
8
What is the remainder when 127 is divided by 4?
3
What is the remainder when 1202 is divided by 28?
26
Calculate the remainder when 431 is divided by 110.
101
What is the remainder when 517 is divided by 85?
7
What is the remainder when 7904 is divided by 113?
107
What is the remainder when 941 is divided by 40?
21
Calculate the remainder when 218 is divided by 10.
8
What is the remainder when 1486 is divided by 739?
8
What is the remainder when 4596 is divided by 121?
119
What is the remainder when 1050 is divided by 350?
0
Calculate the remainder when 927 is divided by 16.
15
Calculate the remainder when 514 is divided by 14.
10
Calculate the remainder when 484 is divided by 122.
118
Calculate the remainder when 43 is divided by 17.
9
Calculate the remainder when 53 is divided by 14.
11
Calculate the remainder when 257 is divided by 50.
7
Calculate the remainder when 104 is divided by 20.
4
What is the remainder when 120 is divided by 2?
0
What is the remainder when 3532 is divided by 208?
204
Calculate the remainder when 1273 is divided by 11.
8
What is the remainder when 191 is divided by 65?
61
Calculate the remainder when 67 is divided by 12.
7
What is the remainder when 150 is divided by 42?
24
Calculate the remainder when 170 is divided by 48.
26
Calculate the remainder when 268 is divided by 68.
64
Calculate the remainder when 457 is divided by 152.
1
What is the remainder when 647 is divided by 24?
23
What is the remainder when 157 is divided by 103?
54
Calculate the remainder when 562 is divided by 33.
1
Calculate the remainder when 752 is divided by 121.
26
Calculate the remainder when 85 is divided by 26.
7
What is the remainder when 165 is divided by 21?
18
Calculate the remainder when 594 is divided by 124.
98
Calculate the remainder when 231 is divided by 40.
31
What is the remainder when 130 is divided by 46?
38
Calculate the remainder when 1599 is divided by 64.
63
Calculate the remainder when 4562 is divided by 176.
162
Calculate the remainder when 235 is divided by 207.
28
What is the remainder when 2692 is divided by 35?
32
Calculate the remainder when 43 is divided by 23.
20
Calculate the remainder when 5765 is divided by 73.
71
Calculate the remainder when 137 is divided by 28.
25
What is the remainder when 169 is divided by 11?
4
Calculate the remainder when 759 is divided by 127.
124
What is the remainder